{"id":477,"date":"2020-09-10T07:59:41","date_gmt":"2020-09-10T07:59:41","guid":{"rendered":"https:\/\/rutagolfodebizkaia.com\/?post_type=listing&#038;p=477"},"modified":"2020-09-22T20:31:47","modified_gmt":"2020-09-22T18:31:47","slug":"teatro-cafe-de-las-artes","status":"publish","type":"listing","link":"https:\/\/rutagolfodebizkaia.com\/es_es\/listing\/-\/teatro,bebidas,cafe\/teatro-cafe-de-las-artes\/","title":{"rendered":"Teatro Cafe de las Artes"},"content":{"rendered":"<button class=\"simplefavorite-button\" data-postid=\"477\" data-siteid=\"1\" data-groupid=\"1\" data-favoritecount=\"0\" style=\"background-color:#b5b5b5;color:#4f4f4f;\">No quiero visitarlo <i class=\"sf-icon-star-empty\"><\/i><\/button>\n<p>El Caf\u00e9 de las Artes surge por la necesidad de un grupo de j\u00f3venes artistas de trayectoria internacional de proponer un espacio esc\u00e9nico alternativo en&nbsp; Santander.&nbsp;<\/p>\n\n\n\n<p>Despu\u00e9s de un largo periplo, el&nbsp; CDAT posa sus maletas en un viejo almac\u00e9n el\u00e9ctrico situado en los alrededores del Barrio Pesquero.&nbsp;<\/p>\n\n\n\n<p>La Sala que abri\u00f3 sus puertas el d\u00eda 5 de junio del 2009, despu\u00e9s de 6 meses de intensas obras, fue reformada totalmente desde sus cimientos.&nbsp;Un \u00fanico espacio, en transformaci\u00f3n permanente, en el que todo es m\u00f3vil, que fue seleccionado en el&nbsp; proyecto&nbsp;<em>Espacios Esc\u00e9nicos de Nueva Generaci\u00f3n<\/em>&nbsp;por el&nbsp; Instituto Nacional de las Artes Esc\u00e9nicas y de la M\u00fasica.&nbsp;<\/p>\n\n\n\n<p>Desde el principio ha apostado por convertirse en un lugar dedicado a la&nbsp; investigaci\u00f3n y experimentaci\u00f3n, en b\u00fasqueda&nbsp; de nuevos lenguajes, desarrollando su actividad en tres ejes fundamentales: &nbsp;<strong>PROGRAMACI\u00d3N \u2013 FORMACI\u00d3N \u2013 CREACI\u00d3N<\/strong><\/p>\n\n\n\n<p>El espacio de un total de 450 m2, est\u00e1 situado en el&nbsp; Barrio Pesquero de la ciudad de Santander. Una zona hist\u00f3rica y popular, con una poblaci\u00f3n inmigrante creciente, un desarrollo en pleno auge y una idiosincrasia \u00fanica que lo hacen uno de los barrios m\u00e1s entra\u00f1ables de la ciudad.&nbsp;<\/p>\n\n\n\n<p>Adem\u00e1s, dada su estrat\u00e9gica ubicaci\u00f3n (entrada y salida de Santander) la zona Castilla-Hermida-Barrio Pesquero se esta convirtiendo en un nuevo foco de cultura, turismo y negocios en la ciudad.<\/p>\n\n\n\n<p>El Caf\u00e9 de las Artes quiere involucrarse en la vida de su comunidad, prestando una atenci\u00f3n especial al acceso de los ni\u00f1os y adolescentes a la cultura, creemos que la apertura cultural debe hacerse desde la juventud y que es la base de una verdadera educaci\u00f3n.&nbsp;<\/p>\n\n\n\n<p>El acceso a la cultura es la llave de la implicaci\u00f3n a la vida de la ciudad, es el cimiento indispensable de una sociedad humana. El Caf\u00e9 de las Artes busca desarrollar todo tipo de acciones que permitan a cada uno acceder al Arte y al Conocimiento.<\/p>\n\n\n\n<p>Desde el principio el atractivo del proyecto se bas\u00f3 en ofrecer una programaci\u00f3n multidisciplinar abierta a todo tipo de formas. Siempre buscando la apertura hacia las nuevas tendencias esc\u00e9nicas en los formatos peque\u00f1os.&nbsp;La constante inversi\u00f3n y empe\u00f1o por mejorar las condiciones t\u00e9cnicas y la dotaci\u00f3n de la sala, abren nuevos caminos de creaci\u00f3n y programaci\u00f3n.<\/p>\n\n\n\n<p>En junio del 2010&nbsp;<em>estrena<\/em>&nbsp;una antigua Carpa de Circo, en verano combinan las actividades en interior y exterior, en septiembre 2012 ampl\u00edan el espacio en Garc\u00eda Morato inaugurando dos nuevas salas de trabajo.&nbsp;Hoy, a pesar de los momentos dif\u00edciles, en especial en el sector cultural, Caf\u00e9 de las Artes Teatro es un joven espacio que ha conseguido hacerse un hueco en el panorama cultural de la regi\u00f3n, manteniendo su apuesta inicial y acerc\u00e1ndose cada vez m\u00e1s al proyecto que hab\u00edan so\u00f1ado.<\/p>\n","protected":false},"author":1,"featured_media":479,"comment_status":"open","ping_status":"closed","template":"","meta":[],"listing_category":[77,21,35],"event_category":[],"service_category":[],"rental_category":[],"classifieds_category":[],"listing_feature":[],"region":[],"class_list":["post-477","listing","type-listing","status-publish","has-post-thumbnail","hentry","listing_category-teatro","listing_category-bebidas","listing_category-cafe"],"jetpack_sharing_enabled":true,"_links":{"self":[{"href":"https:\/\/rutagolfodebizkaia.com\/es_es\/wp-json\/wp\/v2\/listing\/477","targetHints":{"allow":["GET"]}}],"collection":[{"href":"https:\/\/rutagolfodebizkaia.com\/es_es\/wp-json\/wp\/v2\/listing"}],"about":[{"href":"https:\/\/rutagolfodebizkaia.com\/es_es\/wp-json\/wp\/v2\/types\/listing"}],"author":[{"embeddable":true,"href":"https:\/\/rutagolfodebizkaia.com\/es_es\/wp-json\/wp\/v2\/users\/1"}],"replies":[{"embeddable":true,"href":"https:\/\/rutagolfodebizkaia.com\/es_es\/wp-json\/wp\/v2\/comments?post=477"}],"wp:featuredmedia":[{"embeddable":true,"href":"https:\/\/rutagolfodebizkaia.com\/es_es\/wp-json\/wp\/v2\/media\/479"}],"wp:attachment":[{"href":"https:\/\/rutagolfodebizkaia.com\/es_es\/wp-json\/wp\/v2\/media?parent=477"}],"wp:term":[{"taxonomy":"listing_category","embeddable":true,"href":"https:\/\/rutagolfodebizkaia.com\/es_es\/wp-json\/wp\/v2\/listing_category?post=477"},{"taxonomy":"event_category","embeddable":true,"href":"https:\/\/rutagolfodebizkaia.com\/es_es\/wp-json\/wp\/v2\/event_category?post=477"},{"taxonomy":"service_category","embeddable":true,"href":"https:\/\/rutagolfodebizkaia.com\/es_es\/wp-json\/wp\/v2\/service_category?post=477"},{"taxonomy":"rental_category","embeddable":true,"href":"https:\/\/rutagolfodebizkaia.com\/es_es\/wp-json\/wp\/v2\/rental_category?post=477"},{"taxonomy":"classifieds_category","embeddable":true,"href":"https:\/\/rutagolfodebizkaia.com\/es_es\/wp-json\/wp\/v2\/classifieds_category?post=477"},{"taxonomy":"listing_feature","embeddable":true,"href":"https:\/\/rutagolfodebizkaia.com\/es_es\/wp-json\/wp\/v2\/listing_feature?post=477"},{"taxonomy":"region","embeddable":true,"href":"https:\/\/rutagolfodebizkaia.com\/es_es\/wp-json\/wp\/v2\/region?post=477"}],"curies":[{"name":"wp","href":"https:\/\/api.w.org\/{rel}","templated":true}]}}

<button class="simplefavorite-button" data-postid="477" data-siteid="1" data-groupid="1" data-favoritecount="0" style="background-color:#b5b5b5;color:#4f4f4f;">No quiero visitarlo <i class="sf-icon-star-empty"></i></button>
<p>El Café de las Artes surge por la necesidad de un grupo de jóvenes artistas de trayectoria internacional de proponer un espacio escénico alternativo en&nbsp; Santander.&nbsp;</p>



<p>Después de un largo periplo, el&nbsp; CDAT posa sus maletas en un viejo almacén eléctrico situado en los alrededores del Barrio Pesquero.&nbsp;</p>



<p>La Sala que abrió sus puertas el día 5 de junio del 2009, después de 6 meses de intensas obras, fue reformada totalmente desde sus cimientos.&nbsp;Un único espacio, en transformación permanente, en el que todo es móvil, que fue seleccionado en el&nbsp; proyecto&nbsp;<em>Espacios Escénicos de Nueva Generación</em>&nbsp;por el&nbsp; Instituto Nacional de las Artes Escénicas y de la Música.&nbsp;</p>



<p>Desde el principio ha apostado por convertirse en un lugar dedicado a la&nbsp; investigación y experimentación, en búsqueda&nbsp; de nuevos lenguajes, desarrollando su actividad en tres ejes fundamentales: &nbsp;<strong>PROGRAMACIÓN – FORMACIÓN – CREACIÓN</strong></p>



<p>El espacio de un total de 450 m2, está situado en el&nbsp; Barrio Pesquero de la ciudad de Santander. Una zona histórica y popular, con una población inmigrante creciente, un desarrollo en pleno auge y una idiosincrasia única que lo hacen uno de los barrios más entrañables de la ciudad.&nbsp;</p>



<p>Además, dada su estratégica ubicación (entrada y salida de Santander) la zona Castilla-Hermida-Barrio Pesquero se esta convirtiendo en un nuevo foco de cultura, turismo y negocios en la ciudad.</p>



<p>El Café de las Artes quiere involucrarse en la vida de su comunidad, prestando una atención especial al acceso de los niños y adolescentes a la cultura, creemos que la apertura cultural debe hacerse desde la juventud y que es la base de una verdadera educación.&nbsp;</p>



<p>El acceso a la cultura es la llave de la implicación a la vida de la ciudad, es el cimiento indispensable de una sociedad humana. El Café de las Artes busca desarrollar todo tipo de acciones que permitan a cada uno acceder al Arte y al Conocimiento.</p>



<p>Desde el principio el atractivo del proyecto se basó en ofrecer una programación multidisciplinar abierta a todo tipo de formas. Siempre buscando la apertura hacia las nuevas tendencias escénicas en los formatos pequeños.&nbsp;La constante inversión y empeño por mejorar las condiciones técnicas y la dotación de la sala, abren nuevos caminos de creación y programación.</p>



<p>En junio del 2010&nbsp;<em>estrena</em>&nbsp;una antigua Carpa de Circo, en verano combinan las actividades en interior y exterior, en septiembre 2012 amplían el espacio en García Morato inaugurando dos nuevas salas de trabajo.&nbsp;Hoy, a pesar de los momentos difíciles, en especial en el sector cultural, Café de las Artes Teatro es un joven espacio que ha conseguido hacerse un hueco en el panorama cultural de la región, manteniendo su apuesta inicial y acercándose cada vez más al proyecto que habían soñado.</p>
